e remainder when 89975 is divided by 276.
275
Calculate the remainder when 406 is divided by 13.
3
What is the remainder when 168 is divided by 39?
12
What is the remainder when 651 is divided by 341?
310
Calculate the remainder when 30 is divided by 3.
0
Calculate the remainder when 47 is divided by 33.
14
What is the remainder when 118 is divided by 59?
0
Calculate the remainder when 109 is divided by 93.
16
What is the remainder when 453 is divided by 27?
21
What is the remainder when 265 is divided by 11?
1
What is the remainder when 669 is divided by 17?
6
Calculate the remainder when 1048 is divided by 17.
11
Calculate the remainder when 294 is divided by 27.
24
Calculate the remainder when 305 is divided by 13.
6
Calculate the remainder when 253 is divided by 182.
71
Calculate the remainder when 1054 is divided by 44.
42
What is the remainder when 71 is divided by 41?
30
What is the remainder when 65 is divided by 43?
22
What is the remainder when 62 is divided by 27?
8
Calculate the remainder when 1307 is divided by 131.
128
Calculate the remainder when 553 is divided by 195.
163
What is the remainder when 3137 is divided by 56?
1
What is the remainder when 288 is divided by 3?
0
Calculate the remainder when 1395 is divided by 454.
33
Calculate the remainder when 608 is divided by 78.
62
What is the remainder when 383 is divided by 136?
111
Calculate the remainder when 92 is divided by 38.
16
What is the remainder when 86 is divided by 50?
36
Calculate the remainder when 17938 is divided by 130.
128
What is the remainder when 1413 is divided by 336?
69
Calculate the remainder when 176 is divided by 89.
87
What is the remainder when 59662 is divided by 66?
64
Calculate the remainder when 887 is divided by 81.
77
What is the remainder when 25 is divided by 20?
5
Calculate the remainder when 70 is divided by 2.
0
What is the remainder when 2914 is divided by 97?
4
What is the remainder when 1131 is divided by 27?
24
Calculate the remainder when 366 is divided by 69.
21
Calculate the remainder when 240 is divided by 57.
12
Calculate the remainder when 727 is divided by 27.
25
Calculate the remainder when 134 is divided by 48.
38
Calculate the remainder when 580 is divided by 119.
104
What is the remainder when 359 is divided by 20?
19
Calculate the remainder when 635 is divided by 9.
5
What is the remainder when 2099 is divided by 239?
187
Calculate the remainder when 2259 is divided by 7.
5
What is the remainder when 807 is divided by 199?
11
What is the remainder when 474 is divided by 29?
10
Calculate the remainder when 1174 is divided by 7.
5
Calculate the remainder when 470 is divided by 227.
16
What is the remainder when 2585 is divided by 4?
1
Calculate the remainder when 2915 is divided by 36.
35
Calculate the remainder when 780 is divided by 78.
0
Calculate the remainder when 66 is divided by 16.
2
What is the remainder when 288 is divided by 73?
69
What is the remainder when 4108 is divided by 137?
135
Calculate the remainder when 643 is divided by 28.
27
Calculate the remainder when 157 is divided by 84.
73
Calculate the remainder when 644 is divided by 163.
155
What is the remainder when 851 is divided by 837?
14
Calculate the remainder when 82 is divided by 43.
39
What is the remainder when 8716 is divided by 10?
6
Calculate the remainder when 134 is divided by 27.
26
What is the remainder when 1620 is divided by 394?
44
What is the remainder when 176 is divided by 50?
26
Calculate the remainder when 344 is divided by 35.
29
What is the remainder when 385 is divided by 189?
7
What is the remainder when 647 is divided by 8?
7
Calculate the remainder when 272 is divided by 23.
19
What is the remainder when 96 is divided by 43?
10
Calculate the remainder when 4706 is divided by 45.
26
What is the remainder when 1050 is divided by 13?
10
What is the remainder when 1002 is divided by 198?
12
What is the remainder when 164 is divided by 27?
2
What is the remainder when 517 is divided by 58?
53
Calculate the remainder when 500 is divided by 124.
4
What is the remainder when 67912 is divided by 343?
341
What is the remainder when 774 is divided by 251?
21
Calculate the remainder when 672 is divided by 210.
42
What is the remainder when 514 is divided by 74?
70
What is the remainder when 63 is divided by 2?
1
Calculate the remainder when 5740 is divided by 34.
28
What is the remainder when 8656 is divided by 18?
16
Calculate the remainder when 267 is divided by 35.
22
What is the remainder when 4710 is divided by 53?
46
Calculate the remainder when 5440 is divided by 18.
4
Calculate the remainder when 125 is divided by 69.
56
Calculate the remainder when 12770 is divided by 103.
101
Calculate the remainder when 257 is divided by 84.
5
Calculate the remainder when 74 is divided by 6.
2
Calculate the remainder when 118 is divided by 24.
22
What is the remainder when 167 is divided by 65?
37
What is the remainder when 2193 is divided by 20?
13
What is the remainder when 7203 is divided by 20?
3
Calculate the remainder when 197 is divided by 70.
57
Calculate the remainder when 1050 is divided by 120.
90
Calculate the remainder when 51 is divided by 20.
11
What is the remainder when 1143 is divided by 149?
100
What is the remainder when 1391 is divided by 232?
231
What is the remainder when 1300 is divided by 163?
159
What is the remainder when 2061 is divided by 11?
4
What is the remainder when 39 is divided by 34?
5
Calculate the remainder when 520 is divided by 145.
85
Calculate the remainder when 4365 is divided by 28.
25
Calculate the remainder when 312 is divided by 54.
42
What is the remainder when 1141 is divided by 104?
101
Calculate the remainder when 132 is divided by 98.
34
Calculate the remainder when 2334 is divided by 262.
238
Calculate the remainder when 180 is divided by 50.
30
Calculate the remainder when 131 is divided by 44.
43
Calculate the remainder when 148 is divided by 32.
20
What is the remainder when 91 is divided by 3?
1
Calculate the remainder when 984 is divided by 29.
27
What is the remainder when 18695 is divided by 22?
17
What is the remainder when 88 is divided by 23?
19
What is the remainder when 1953 is divided by 933?
87
What is the remainder when 326 is divided by 289?
37
Calculate the remainder when 250 is divided by 86.
78
What is the remainder when 482 is divided by 239?
4
What is the remainder when 41 is divided by 23?
18
Calculate the remainder when 665 is divided by 35.
0
What is the remainder when 558 is divided by 16?
14
Calculate the remainder when 227 is divided by 77.
73
What is the remainder when 251 is divided by 240?
11
Calculate the remainder when 356 is divided by 30.
26
Calculate the remainder when 719 is divided by 8.
7
What is the remainder when 258 is divided by 52?
50
Calculate the remainder when 833 is divided by 14.
7
Calculate the remainder when 3679 is divided by 32.
31
Calculate the remainder when 245 is divided by 32.
21
Calculate the remainder when 1586 is divided by 30.
26
Calculate the remainder when 143 is divided by 18.
17
Calculate the remainder when 517 is divided by 252.
13
What is the remainder when 3315 is divided by 100?
15
Calculate the remainder when 7210 is divided by 12.
10
What is the remainder when 46473 is divided by 169?
167
What is the remainder when 20614 is divided by 155?
154
What is the remainder when 364 is divided by 135?
94
What is the remainder when 323 is divided by 65?
63
Calculate the remainder when 2547 is divided by 141.
9
What is the remainder when 509 is divided by 98?
19
Calculate the remainder when 2142 is divided by 16.
14
What is the remainder when 149 is divided by 15?
14
Calculate the remainder when 59 is divided by 2.
1
What is the remainder when 4577 is divided by 10?
7
What is the remainder when 293 is divided by 47?
11
What is the remainder when 2223 is divided by 29?
19
Calculate the remainder when 308 is divided by 97.
17
Calculate the remainder when 217 is divided by 10.
7
What is the remainder when 207 is divided by 34?
3
Calculate the remainder when 388 is divided by 37.
18
Calculate the remainder when 1638 is divided by 37.
10
What is the remainder when 485 is divided by 15?
5
Calculate the remainder when 2201 is divided 